4526?
2, 146492263
What are the prime factors of 499764339?
3, 353, 157307
What are the prime factors of 56535245?
5, 13, 869773
List the prime factors of 197580466.
2, 98790233
List the prime factors of 1311533247.
3, 881, 496229
What are the prime factors of 227695920?
2, 3, 5, 61, 103, 151
What are the prime factors of 1711583?
37, 167, 277
List the prime factors of 135260609.
11, 71, 173189
List the prime factors of 308112603.
3, 102704201
What are the prime factors of 399903618?
2, 3, 2111, 31573
List the prime factors of 2651271166.
2, 1325635583
What are the prime factors of 20068108?
2, 67, 103, 727
What are the prime factors of 166790196?
2, 3, 17, 272533
List the prime factors of 1010168271.
3, 7, 17, 19249
List the prime factors of 1968844414.
2, 8629, 114083
List the prime factors of 385179738.
2, 3, 64196623
List the prime factors of 61155245.
5, 43, 61, 4663
List the prime factors of 181100027.
181100027
List the prime factors of 75097052.
2, 18774263
What are the prime factors of 56008805?
5, 1433, 7817
What are the prime factors of 2781377652?
2, 3, 167, 1387913
List the prime factors of 1518397753.
607, 2501479
What are the prime factors of 4832491831?
137, 1571, 22453
What are the prime factors of 6824958?
2, 3, 7, 162499
List the prime factors of 215284359.
3, 43, 193, 8647
What are the prime factors of 156530188?
2, 39132547
What are the prime factors of 154384054?
2, 11, 37, 189661
What are the prime factors of 38539980?
2, 3, 5, 19, 59, 191
What are the prime factors of 3431473987?
17, 201851411
What are the prime factors of 10397047?
17, 19, 32189
List the prime factors of 35941475.
5, 1437659
List the prime factors of 2575206578.
2, 7, 971, 189437
What are the prime factors of 81368091?
3, 7, 53, 8123
List the prime factors of 97952206.
2, 11, 1889, 2357
List the prime factors of 108991471.
17, 6411263
What are the prime factors of 34108662?
2, 3, 7, 269, 3019
What are the prime factors of 2555403593?
2555403593
What are the prime factors of 67438870?
2, 5, 6743887
What are the prime factors of 41347362?
2, 3, 7, 984461
List the prime factors of 27124609.
19, 421, 3391
What are the prime factors of 150219433?
7, 13, 1650763
List the prime factors of 2751714143.
27091, 101573
What are the prime factors of 2015322491?
7, 13, 23, 29, 33203
List the prime factors of 484984231.
484984231
What are the prime factors of 91984150?
2, 5, 53, 103, 337
List the prime factors of 380905180.
2, 5, 43, 59, 7507
List the prime factors of 624742685.
5, 7, 17849791
List the prime factors of 191710057.
7, 11, 19, 59, 2221
What are the prime factors of 13025748?
2, 3, 709, 1531
List the prime factors of 5156919367.
59, 5171, 16903
What are the prime factors of 2069010658?
2, 11, 13, 7234303
List the prime factors of 21543947.
17, 1267291
List the prime factors of 475048511.
7, 67864073
What are the prime factors of 715009317?
3, 11, 21666949
What are the prime factors of 297792266?
2, 41, 53, 68521
List the prime factors of 869498469.
3, 7, 511169
List the prime factors of 154151930.
2, 5, 15415193
List the prime factors of 1134051920.
2, 5, 31, 457279
What are the prime factors of 2023646859?
3, 13, 17296127
What are the prime factors of 706907861?
11, 64264351
List the prime factors of 106907028.
2, 3, 313, 28463
What are the prime factors of 3228756923?
7, 461250989
What are the prime factors of 40151434?
2, 79, 199, 1277
List the prime factors of 708961727.
17, 41703631
List the prime factors of 40647470.
2, 5, 43, 94529
List the prime factors of 14174717.
14174717
List the prime factors of 3717835032.
2, 3, 19, 29, 14797
List the prime factors of 130172875.
5, 7, 31, 4799
What are the prime factors of 7935932892?
2, 3, 47, 14070803
What are the prime factors of 732237912?
2, 3, 7, 1452853
What are the prime factors of 97590048?
2, 3, 43, 47, 503
What are the prime factors of 335415207?
3, 111805069
What are the prime factors of 7636981791?
3, 17, 149744741
List the prime factors of 42871429.
19, 1429, 1579
What are the prime factors of 32735021?
11, 2975911
List the prime factors of 18485316.
2, 3, 513481
What are the prime factors of 75512051?
773, 97687
What are the prime factors of 518398091?
518398091
What are the prime factors of 836323249?
5867, 142547
What are the prime factors of 85640272?
2, 167, 32051
What are the prime factors of 82260720?
2, 3, 5, 43, 2657
List the prime factors of 3390419775.
3, 5, 45205597
What are the prime factors of 974882619?
3, 108320291
List the prime factors of 7574726211.
3, 13, 283, 653, 1051
List the prime factors of 333185223.
3, 7, 757, 20959
List the prime factors of 4627004443.
479, 2381, 4057
List the prime factors of 405985056.
2, 3, 643, 6577
What are the prime factors of 954629645?
5, 17, 439, 25583
List the prime factors of 756148864.
2, 71, 83203
What are the prime factors of 22065328?
2, 151, 9133
List the prime factors of 2040177357.
3, 211, 1074343
What are the prime factors of 162160325?
5, 1021, 6353
What are the prime factors of 387065590?
2, 5, 38706559
List the prime factors of 2459446812.
2, 3, 68317967
List the prime factors of 676795419.
3, 719, 11621
What are the prime factors of 489860025?
3, 5, 29, 225223
What are the prime factors of 108416927?
1021, 106187
List the prime factors of 15001733.
15001733
List the prime factors of 1162397570.
2, 5, 83, 1400479
What are the prime factors of 75754052?
2, 11, 1721683
List the prime factors of 5243375516.
2, 11257, 116447
List the prime factors of 1127169139.
17, 349, 189983
What are the prime factors of 256940570?
2, 5, 25694057
What are the prime factors of 692961484?
2, 9461, 18311
What are the prime factors of 198913484?
2, 7, 11, 31, 83, 251
List the prime factors of 197534277.
3, 73, 300661
List the prime factors of 11150758.
2, 19, 293441
What are the prime factors of 104238475?
5, 11, 17, 2027
What are the prime factors of 188081703?
3, 19, 366631
List the prime factors of 45528844.
2, 11382211
List the prime factors of 874560044.
2, 19, 83, 7297
List the prime factors of 36156092.
2, 7, 23, 2441
What are the prime factors of 526592320?
2, 5, 1645601
List the prime factors of 500780503.
983, 509441
List the prime factors of 301484785.
5, 7, 8613851
What are the prime factors of 128798965?
5, 23, 811, 1381
List the prime factors of 113149586.
2, 11, 17, 41, 47, 157
List the prime factors of 453131521.
139, 151, 21589
What are the prime factors of 616953231?
3, 53, 251, 5153
What are the prime factors of 3150214797?
3, 3019, 347821
What are the prime factors of 232303731?
3, 11, 7039507
What are the prime factors of 148792589?
11, 23, 588113
What are the prime factors of 330927330?
2, 3, 5, 11030911
List the prime factors of 4716975537.
3, 103, 191, 26641
List the prime factors of 274052098.
2, 1699, 80651
List the prime factors of 2051496780.
2, 3, 5, 34191613
What are the prime factors of 581296273?
23, 3041, 8311
What are the prime factors of 268375783?
13, 61, 338431
List the prime factors of 659012256.
2, 3, 7, 109, 2999
What are the prime factors of 251955645?
3, 5, 16797043
List the prime factors of 40773808.
2, 317, 8039
What are the prime factors of 45151724?
2, 29, 109, 3571
List the prime factors of 119649173.
7, 17092739
List the prime factors of 403932924.
2, 3, 11220359
List the prime factors of 164067629.
11, 17, 877367
What are the prime factors of 75537420?
2, 3, 5, 7, 25693
List the prime factors of 12954450.
2, 3, 5, 67, 1289
What are the prime factors of 46344831?
3, 13, 37, 32117
What are the prime factors of 18581645?
5, 1553, 2393
List the prime factors of 2134010384.
2, 11, 19, 638161
What are the prime factors of 22684069?
17, 1334357
List the prime factors of 581424766.
2, 13, 22362491
What are the prime factors of 165187614?
2, 3, 1327, 20747
What are the prime factors of 421767470?
2, 5, 42176747
List the prime factors of 28240869.
3, 167, 56369
What are the prime factors of 6387896751?
3, 2129298917
List the prime factors of 74686259.
2357, 31687
List the prime factors of 158948305.
5, 557, 57073
What are the prime factors of 27781080?
2, 3, 5, 37, 6257
List the prime factors of 887219978.
2, 409, 1084621
What are the prime factors of 269839202?
2, 7873, 17137
What are the prime factors of